{"id":20,"date":"2024-09-16T12:03:29","date_gmt":"2024-09-16T15:03:29","guid":{"rendered":"https:\/\/vagasrj.org\/br\/?page_id=20"},"modified":"2024-09-16T12:03:31","modified_gmt":"2024-09-16T15:03:31","slug":"contato","status":"publish","type":"page","link":"https:\/\/vagasrj.org\/br\/contato\/","title":{"rendered":"Contato"},"content":{"rendered":"\n<p><strong>Entre em Contato Conosco<\/strong><\/p>\n\n\n\n<p>Estamos aqui para ajudar! Se voc\u00ea tiver d\u00favidas, sugest\u00f5es ou precisar de mais informa\u00e7\u00f5es sobre oportunidades de emprego, not\u00edcias ou artigos, sinta-se \u00e0 vontade para entrar em contato conosco.<\/p>\n\n\n\n<p>Voc\u00ea pode nos encontrar e enviar mensagens atrav\u00e9s da nossa p\u00e1gina oficial no Facebook: <a href=\"http:\/\/www.facebook.com\/vagasrj.org\">www.facebook.com\/vagasrj.org<\/a>. Nossa equipe est\u00e1 pronta para responder e fornecer o suporte necess\u00e1rio.<\/p>\n\n\n\n<p>Para consultas mais espec\u00edficas ou se preferir, voc\u00ea tamb\u00e9m pode nos enviar um e-mail diretamente para <a>seuemail@vagasrj.org<\/a>. Responderemos o mais breve poss\u00edvel!<\/p>\n\n\n\n<p>Agradecemos seu interesse no VagasRJ.org e estamos ansiosos para ouvir de voc\u00ea!<\/p>\n","protected":false},"excerpt":{"rendered":"<p>Entre em Contato Conosco Estamos aqui para ajudar! Se voc\u00ea tiver d\u00favidas, sugest\u00f5es ou precisar de mais informa\u00e7\u00f5es sobre oportunidades de emprego, not\u00edcias ou artigos, sinta-se \u00e0 vontade para entrar em contato conosco. Voc\u00ea pode nos encontrar e enviar mensagens atrav\u00e9s da nossa p\u00e1gina oficial no Facebook: www.facebook.com\/vagasrj.org. Nossa equipe est\u00e1 pronta para responder e &#8230; <a title=\"Contato\" class=\"read-more\" href=\"https:\/\/vagasrj.org\/br\/contato\/\" aria-label=\"Read more about Contato\">Ler mais<\/a><\/p>\n","protected":false},"author":1,"featured_media":0,"parent":0,"menu_order":0,"comment_status":"closed","ping_status":"closed","template":"","meta":{"footnotes":""},"class_list":["post-20","page","type-page","status-publish"],"yoast_head":"<!-- This site is optimized with the Yoast SEO plugin v26.7 - https:\/\/yoast.com\/wordpress\/plugins\/seo\/ -->\n<title>Contato | Vagas Rj<\/title>\n<meta name=\"description\" content=\"Se voc\u00ea tiver d\u00favidas, sugest\u00f5es ou precisar de mais informa\u00e7\u00f5es sobre oportunidades de emprego, not\u00edcias ou artigos, sinta-se \u00e0 vontade para entrar em contato.\" \/>\n<meta name=\"robots\" content=\"index, follow, max-snippet:-1, max-image-preview:large, max-video-preview:-1\" \/>\n<link rel=\"canonical\" href=\"https:\/\/vagasrj.org\/br\/contato\/\" \/>\n<meta property=\"og:locale\" content=\"pt_BR\" \/>\n<meta property=\"og:type\" content=\"article\" \/>\n<meta property=\"og:title\" content=\"Contato | Vagas Rj\" \/>\n<meta property=\"og:description\" content=\"Se voc\u00ea tiver d\u00favidas, sugest\u00f5es ou precisar de mais informa\u00e7\u00f5es sobre oportunidades de emprego, not\u00edcias ou artigos, sinta-se \u00e0 vontade para entrar em contato.\" \/>\n<meta property=\"og:url\" content=\"https:\/\/vagasrj.org\/br\/contato\/\" \/>\n<meta property=\"og:site_name\" content=\"Vagas Rj\" \/>\n<meta property=\"article:publisher\" content=\"https:\/\/www.facebook.com\/vagasdoriodejaneiro\" \/>\n<meta property=\"article:modified_time\" content=\"2024-09-16T15:03:31+00:00\" \/>\n<meta name=\"twitter:card\" content=\"summary_large_image\" \/>\n<meta name=\"twitter:label1\" content=\"Est. tempo de leitura\" \/>\n\t<meta name=\"twitter:data1\" content=\"1 minuto\" \/>\n<script type=\"application\/ld+json\" class=\"yoast-schema-graph\">{\"@context\":\"https:\/\/schema.org\",\"@graph\":[{\"@type\":\"WebPage\",\"@id\":\"https:\/\/vagasrj.org\/br\/contato\/\",\"url\":\"https:\/\/vagasrj.org\/br\/contato\/\",\"name\":\"Contato | Vagas Rj\",\"isPartOf\":{\"@id\":\"https:\/\/vagasrj.org\/br\/#website\"},\"datePublished\":\"2024-09-16T15:03:29+00:00\",\"dateModified\":\"2024-09-16T15:03:31+00:00\",\"description\":\"Se voc\u00ea tiver d\u00favidas, sugest\u00f5es ou precisar de mais informa\u00e7\u00f5es sobre oportunidades de emprego, not\u00edcias ou artigos, sinta-se \u00e0 vontade para entrar em contato.\",\"breadcrumb\":{\"@id\":\"https:\/\/vagasrj.org\/br\/contato\/#breadcrumb\"},\"inLanguage\":\"pt-BR\",\"potentialAction\":[{\"@type\":\"ReadAction\",\"target\":[\"https:\/\/vagasrj.org\/br\/contato\/\"]}]},{\"@type\":\"BreadcrumbList\",\"@id\":\"https:\/\/vagasrj.org\/br\/contato\/#breadcrumb\",\"itemListElement\":[{\"@type\":\"ListItem\",\"position\":1,\"name\":\"In\u00edcio\",\"item\":\"https:\/\/vagasrj.org\/br\/\"},{\"@type\":\"ListItem\",\"position\":2,\"name\":\"Contato\"}]},{\"@type\":\"WebSite\",\"@id\":\"https:\/\/vagasrj.org\/br\/#website\",\"url\":\"https:\/\/vagasrj.org\/br\/\",\"name\":\"Vagas Rj\",\"description\":\"\",\"publisher\":{\"@id\":\"https:\/\/vagasrj.org\/br\/#organization\"},\"potentialAction\":[{\"@type\":\"SearchAction\",\"target\":{\"@type\":\"EntryPoint\",\"urlTemplate\":\"https:\/\/vagasrj.org\/br\/?s={search_term_string}\"},\"query-input\":{\"@type\":\"PropertyValueSpecification\",\"valueRequired\":true,\"valueName\":\"search_term_string\"}}],\"inLanguage\":\"pt-BR\"},{\"@type\":\"Organization\",\"@id\":\"https:\/\/vagasrj.org\/br\/#organization\",\"name\":\"Vagas Rj\",\"url\":\"https:\/\/vagasrj.org\/br\/\",\"logo\":{\"@type\":\"ImageObject\",\"inLanguage\":\"pt-BR\",\"@id\":\"https:\/\/vagasrj.org\/br\/#\/schema\/logo\/image\/\",\"url\":\"https:\/\/vagasrj.org\/br\/wp-content\/uploads\/2024\/09\/a.png\",\"contentUrl\":\"https:\/\/vagasrj.org\/br\/wp-content\/uploads\/2024\/09\/a.png\",\"width\":184,\"height\":184,\"caption\":\"Vagas Rj\"},\"image\":{\"@id\":\"https:\/\/vagasrj.org\/br\/#\/schema\/logo\/image\/\"},\"sameAs\":[\"https:\/\/www.facebook.com\/vagasdoriodejaneiro\"]}]}<\/script>\n<!-- \/ Yoast SEO plugin. -->","yoast_head_json":{"title":"Contato | Vagas Rj","description":"Se voc\u00ea tiver d\u00favidas, sugest\u00f5es ou precisar de mais informa\u00e7\u00f5es sobre oportunidades de emprego, not\u00edcias ou artigos, sinta-se \u00e0 vontade para entrar em contato.","robots":{"index":"index","follow":"follow","max-snippet":"max-snippet:-1","max-image-preview":"max-image-preview:large","max-video-preview":"max-video-preview:-1"},"canonical":"https:\/\/vagasrj.org\/br\/contato\/","og_locale":"pt_BR","og_type":"article","og_title":"Contato | Vagas Rj","og_description":"Se voc\u00ea tiver d\u00favidas, sugest\u00f5es ou precisar de mais informa\u00e7\u00f5es sobre oportunidades de emprego, not\u00edcias ou artigos, sinta-se \u00e0 vontade para entrar em contato.","og_url":"https:\/\/vagasrj.org\/br\/contato\/","og_site_name":"Vagas Rj","article_publisher":"https:\/\/www.facebook.com\/vagasdoriodejaneiro","article_modified_time":"2024-09-16T15:03:31+00:00","twitter_card":"summary_large_image","twitter_misc":{"Est. tempo de leitura":"1 minuto"},"schema":{"@context":"https:\/\/schema.org","@graph":[{"@type":"WebPage","@id":"https:\/\/vagasrj.org\/br\/contato\/","url":"https:\/\/vagasrj.org\/br\/contato\/","name":"Contato | Vagas Rj","isPartOf":{"@id":"https:\/\/vagasrj.org\/br\/#website"},"datePublished":"2024-09-16T15:03:29+00:00","dateModified":"2024-09-16T15:03:31+00:00","description":"Se voc\u00ea tiver d\u00favidas, sugest\u00f5es ou precisar de mais informa\u00e7\u00f5es sobre oportunidades de emprego, not\u00edcias ou artigos, sinta-se \u00e0 vontade para entrar em contato.","breadcrumb":{"@id":"https:\/\/vagasrj.org\/br\/contato\/#breadcrumb"},"inLanguage":"pt-BR","potentialAction":[{"@type":"ReadAction","target":["https:\/\/vagasrj.org\/br\/contato\/"]}]},{"@type":"BreadcrumbList","@id":"https:\/\/vagasrj.org\/br\/contato\/#breadcrumb","itemListElement":[{"@type":"ListItem","position":1,"name":"In\u00edcio","item":"https:\/\/vagasrj.org\/br\/"},{"@type":"ListItem","position":2,"name":"Contato"}]},{"@type":"WebSite","@id":"https:\/\/vagasrj.org\/br\/#website","url":"https:\/\/vagasrj.org\/br\/","name":"Vagas Rj","description":"","publisher":{"@id":"https:\/\/vagasrj.org\/br\/#organization"},"potentialAction":[{"@type":"SearchAction","target":{"@type":"EntryPoint","urlTemplate":"https:\/\/vagasrj.org\/br\/?s={search_term_string}"},"query-input":{"@type":"PropertyValueSpecification","valueRequired":true,"valueName":"search_term_string"}}],"inLanguage":"pt-BR"},{"@type":"Organization","@id":"https:\/\/vagasrj.org\/br\/#organization","name":"Vagas Rj","url":"https:\/\/vagasrj.org\/br\/","logo":{"@type":"ImageObject","inLanguage":"pt-BR","@id":"https:\/\/vagasrj.org\/br\/#\/schema\/logo\/image\/","url":"https:\/\/vagasrj.org\/br\/wp-content\/uploads\/2024\/09\/a.png","contentUrl":"https:\/\/vagasrj.org\/br\/wp-content\/uploads\/2024\/09\/a.png","width":184,"height":184,"caption":"Vagas Rj"},"image":{"@id":"https:\/\/vagasrj.org\/br\/#\/schema\/logo\/image\/"},"sameAs":["https:\/\/www.facebook.com\/vagasdoriodejaneiro"]}]}},"_links":{"self":[{"href":"https:\/\/vagasrj.org\/br\/wp-json\/wp\/v2\/pages\/20","targetHints":{"allow":["GET"]}}],"collection":[{"href":"https:\/\/vagasrj.org\/br\/wp-json\/wp\/v2\/pages"}],"about":[{"href":"https:\/\/vagasrj.org\/br\/wp-json\/wp\/v2\/types\/page"}],"author":[{"embeddable":true,"href":"https:\/\/vagasrj.org\/br\/wp-json\/wp\/v2\/users\/1"}],"replies":[{"embeddable":true,"href":"https:\/\/vagasrj.org\/br\/wp-json\/wp\/v2\/comments?post=20"}],"version-history":[{"count":1,"href":"https:\/\/vagasrj.org\/br\/wp-json\/wp\/v2\/pages\/20\/revisions"}],"predecessor-version":[{"id":21,"href":"https:\/\/vagasrj.org\/br\/wp-json\/wp\/v2\/pages\/20\/revisions\/21"}],"wp:attachment":[{"href":"https:\/\/vagasrj.org\/br\/wp-json\/wp\/v2\/media?parent=20"}],"curies":[{"name":"wp","href":"https:\/\/api.w.org\/{rel}","templated":true}]}}

<p><strong>Entre em Contato Conosco</strong></p>



<p>Estamos aqui para ajudar! Se você tiver dúvidas, sugestões ou precisar de mais informações sobre oportunidades de emprego, notícias ou artigos, sinta-se à vontade para entrar em contato conosco.</p>



<p>Você pode nos encontrar e enviar mensagens através da nossa página oficial no Facebook: <a href="http://www.facebook.com/vagasrj.org">www.facebook.com/vagasrj.org</a>. Nossa equipe está pronta para responder e fornecer o suporte necessário.</p>



<p>Para consultas mais específicas ou se preferir, você também pode nos enviar um e-mail diretamente para <a>seuemail@vagasrj.org</a>. Responderemos o mais breve possível!</p>



<p>Agradecemos seu interesse no VagasRJ.org e estamos ansiosos para ouvir de você!</p>

<p>Entre em Contato Conosco Estamos aqui para ajudar! Se você tiver dúvidas, sugestões ou precisar de mais informações sobre oportunidades de emprego, notícias ou artigos, sinta-se à vontade para entrar em contato conosco. Você pode nos encontrar e enviar mensagens através da nossa página oficial no Facebook: www.facebook.com/vagasrj.org. Nossa equipe está pronta para responder e &#8230; <a title="Contato" class="read-more" href="https://vagasrj.org/br/contato/" aria-label="Read more about Contato">Ler mais</a></p>

<!-- This site is optimized with the Yoast SEO plugin v26.7 - https://yoast.com/wordpress/plugins/seo/ -->
<title>Contato | Vagas Rj</title>
<meta name="description" content="Se você tiver dúvidas, sugestões ou precisar de mais informações sobre oportunidades de emprego, notícias ou artigos, sinta-se à vontade para entrar em contato." />
<meta name="robots" content="index, follow, max-snippet:-1, max-image-preview:large, max-video-preview:-1" />
<link rel="canonical" href="https://vagasrj.org/br/contato/" />
<meta property="og:locale" content="pt_BR" />
<meta property="og:type" content="article" />
<meta property="og:title" content="Contato | Vagas Rj" />
<meta property="og:description" content="Se você tiver dúvidas, sugestões ou precisar de mais informações sobre oportunidades de emprego, notícias ou artigos, sinta-se à vontade para entrar em contato." />
<meta property="og:url" content="https://vagasrj.org/br/contato/" />
<meta property="og:site_name" content="Vagas Rj" />
<meta property="article:publisher" content="https://www.facebook.com/vagasdoriodejaneiro" />
<meta property="article:modified_time" content="2024-09-16T15:03:31+00:00" />
<meta name="twitter:card" content="summary_large_image" />
<meta name="twitter:label1" content="Est. tempo de leitura" />
	<meta name="twitter:data1" content="1 minuto" />
<script type="application/ld+json" class="yoast-schema-graph">{"@context":"https://schema.org","@graph":[{"@type":"WebPage","@id":"https://vagasrj.org/br/contato/","url":"https://vagasrj.org/br/contato/","name":"Contato | Vagas Rj","isPartOf":{"@id":"https://vagasrj.org/br/#website"},"datePublished":"2024-09-16T15:03:29+00:00","dateModified":"2024-09-16T15:03:31+00:00","description":"Se você tiver dúvidas, sugestões ou precisar de mais informações sobre oportunidades de emprego, notícias ou artigos, sinta-se à vontade para entrar em contato.","breadcrumb":{"@id":"https://vagasrj.org/br/contato/#breadcrumb"},"inLanguage":"pt-BR","potentialAction":[{"@type":"ReadAction","target":["https://vagasrj.org/br/contato/"]}]},{"@type":"BreadcrumbList","@id":"https://vagasrj.org/br/contato/#breadcrumb","itemListElement":[{"@type":"ListItem","position":1,"name":"Início","item":"https://vagasrj.org/br/"},{"@type":"ListItem","position":2,"name":"Contato"}]},{"@type":"WebSite","@id":"https://vagasrj.org/br/#website","url":"https://vagasrj.org/br/","name":"Vagas Rj","description":"","publisher":{"@id":"https://vagasrj.org/br/#organization"},"potentialAction":[{"@type":"SearchAction","target":{"@type":"EntryPoint","urlTemplate":"https://vagasrj.org/br/?s={search_term_string}"},"query-input":{"@type":"PropertyValueSpecification","valueRequired":true,"valueName":"search_term_string"}}],"inLanguage":"pt-BR"},{"@type":"Organization","@id":"https://vagasrj.org/br/#organization","name":"Vagas Rj","url":"https://vagasrj.org/br/","logo":{"@type":"ImageObject","inLanguage":"pt-BR","@id":"https://vagasrj.org/br/#/schema/logo/image/","url":"https://vagasrj.org/br/wp-content/uploads/2024/09/a.png","contentUrl":"https://vagasrj.org/br/wp-content/uploads/2024/09/a.png","width":184,"height":184,"caption":"Vagas Rj"},"image":{"@id":"https://vagasrj.org/br/#/schema/logo/image/"},"sameAs":["https://www.facebook.com/vagasdoriodejaneiro"]}]}</script>
<!-- / Yoast SEO plugin. -->

Se você tiver dúvidas, sugestões ou precisar de mais informações sobre oportunidades de emprego, notícias ou artigos, sinta-se à vontade para entrar em contato.

Início
