{"id":2,"date":"2024-09-16T11:15:23","date_gmt":"2024-09-16T14:15:23","guid":{"rendered":"https:\/\/vagasrj.org\/br\/?page_id=2"},"modified":"2024-09-16T12:01:44","modified_gmt":"2024-09-16T15:01:44","slug":"quem-somos","status":"publish","type":"page","link":"https:\/\/vagasrj.org\/br\/quem-somos\/","title":{"rendered":"Quem somos"},"content":{"rendered":"\n<p><strong>Sobre VagasRJ.org<\/strong><\/p>\n\n\n\n<p>Bem-vindo ao VagasRJ.org, sua principal fonte de oportunidades de emprego no Rio de Janeiro! Nosso site foi criado com o objetivo de conectar profissionais e empresas, oferecendo uma plataforma intuitiva para encontrar e publicar vagas de trabalho. Al\u00e9m disso, mantemos nossos visitantes informados com as \u00faltimas not\u00edcias e tend\u00eancias do mercado de trabalho, assim como artigos especializados que ajudam na sua jornada profissional.<\/p>\n\n\n\n<p>No VagasRJ.org, acreditamos que a informa\u00e7\u00e3o e a conex\u00e3o s\u00e3o essenciais para o sucesso. Nossa miss\u00e3o \u00e9 facilitar o acesso a oportunidades e fornecer recursos valiosos para ajudar voc\u00ea a alcan\u00e7ar seus objetivos de carreira. Explore nosso site para descobrir as vagas mais recentes, ficar atualizado com as novidades do setor e ler conte\u00fados relevantes que podem fazer a diferen\u00e7a na sua trajet\u00f3ria profissional.<\/p>\n\n\n\n<p>Seja voc\u00ea um candidato em busca de novos desafios ou uma empresa \u00e0 procura de talentos, estamos aqui para ajudar a conectar as melhores oportunidades \u00e0s pessoas certas. Junte-se a n\u00f3s e d\u00ea o pr\u00f3ximo passo na sua carreira com VagasRJ.org!<\/p>\n","protected":false},"excerpt":{"rendered":"<p>Sobre VagasRJ.org Bem-vindo ao VagasRJ.org, sua principal fonte de oportunidades de emprego no Rio de Janeiro! Nosso site foi criado com o objetivo de conectar profissionais e empresas, oferecendo uma plataforma intuitiva para encontrar e publicar vagas de trabalho. Al\u00e9m disso, mantemos nossos visitantes informados com as \u00faltimas not\u00edcias e tend\u00eancias do mercado de trabalho, &#8230; <a title=\"Quem somos\" class=\"read-more\" href=\"https:\/\/vagasrj.org\/br\/quem-somos\/\" aria-label=\"Read more about Quem somos\">Ler mais<\/a><\/p>\n","protected":false},"author":1,"featured_media":0,"parent":0,"menu_order":0,"comment_status":"closed","ping_status":"open","template":"","meta":{"footnotes":""},"class_list":["post-2","page","type-page","status-publish"],"yoast_head":"<!-- This site is optimized with the Yoast SEO plugin v26.7 - https:\/\/yoast.com\/wordpress\/plugins\/seo\/ -->\n<title>Quem somos | Vagas Rj<\/title>\n<meta name=\"description\" content=\"Somos uma plataforma intuitiva para encontrar e publicar vagas de trabalhoe manter todos informados com as \u00faltimas not\u00edcias e tend\u00eancias do mercado de trabalho\" \/>\n<meta name=\"robots\" content=\"index, follow, max-snippet:-1, max-image-preview:large, max-video-preview:-1\" \/>\n<link rel=\"canonical\" href=\"https:\/\/vagasrj.org\/br\/quem-somos\/\" \/>\n<meta property=\"og:locale\" content=\"pt_BR\" \/>\n<meta property=\"og:type\" content=\"article\" \/>\n<meta property=\"og:title\" content=\"Quem somos | Vagas Rj\" \/>\n<meta property=\"og:description\" content=\"Somos uma plataforma intuitiva para encontrar e publicar vagas de trabalhoe manter todos informados com as \u00faltimas not\u00edcias e tend\u00eancias do mercado de trabalho\" \/>\n<meta property=\"og:url\" content=\"https:\/\/vagasrj.org\/br\/quem-somos\/\" \/>\n<meta property=\"og:site_name\" content=\"Vagas Rj\" \/>\n<meta property=\"article:publisher\" content=\"https:\/\/www.facebook.com\/vagasdoriodejaneiro\" \/>\n<meta property=\"article:modified_time\" content=\"2024-09-16T15:01:44+00:00\" \/>\n<meta name=\"twitter:card\" content=\"summary_large_image\" \/>\n<meta name=\"twitter:label1\" content=\"Est. tempo de leitura\" \/>\n\t<meta name=\"twitter:data1\" content=\"1 minuto\" \/>\n<script type=\"application\/ld+json\" class=\"yoast-schema-graph\">{\"@context\":\"https:\/\/schema.org\",\"@graph\":[{\"@type\":\"WebPage\",\"@id\":\"https:\/\/vagasrj.org\/br\/quem-somos\/\",\"url\":\"https:\/\/vagasrj.org\/br\/quem-somos\/\",\"name\":\"Quem somos | Vagas Rj\",\"isPartOf\":{\"@id\":\"https:\/\/vagasrj.org\/br\/#website\"},\"datePublished\":\"2024-09-16T14:15:23+00:00\",\"dateModified\":\"2024-09-16T15:01:44+00:00\",\"description\":\"Somos uma plataforma intuitiva para encontrar e publicar vagas de trabalhoe manter todos informados com as \u00faltimas not\u00edcias e tend\u00eancias do mercado de trabalho\",\"breadcrumb\":{\"@id\":\"https:\/\/vagasrj.org\/br\/quem-somos\/#breadcrumb\"},\"inLanguage\":\"pt-BR\",\"potentialAction\":[{\"@type\":\"ReadAction\",\"target\":[\"https:\/\/vagasrj.org\/br\/quem-somos\/\"]}]},{\"@type\":\"BreadcrumbList\",\"@id\":\"https:\/\/vagasrj.org\/br\/quem-somos\/#breadcrumb\",\"itemListElement\":[{\"@type\":\"ListItem\",\"position\":1,\"name\":\"In\u00edcio\",\"item\":\"https:\/\/vagasrj.org\/br\/\"},{\"@type\":\"ListItem\",\"position\":2,\"name\":\"Quem somos\"}]},{\"@type\":\"WebSite\",\"@id\":\"https:\/\/vagasrj.org\/br\/#website\",\"url\":\"https:\/\/vagasrj.org\/br\/\",\"name\":\"Vagas Rj\",\"description\":\"\",\"publisher\":{\"@id\":\"https:\/\/vagasrj.org\/br\/#organization\"},\"potentialAction\":[{\"@type\":\"SearchAction\",\"target\":{\"@type\":\"EntryPoint\",\"urlTemplate\":\"https:\/\/vagasrj.org\/br\/?s={search_term_string}\"},\"query-input\":{\"@type\":\"PropertyValueSpecification\",\"valueRequired\":true,\"valueName\":\"search_term_string\"}}],\"inLanguage\":\"pt-BR\"},{\"@type\":\"Organization\",\"@id\":\"https:\/\/vagasrj.org\/br\/#organization\",\"name\":\"Vagas Rj\",\"url\":\"https:\/\/vagasrj.org\/br\/\",\"logo\":{\"@type\":\"ImageObject\",\"inLanguage\":\"pt-BR\",\"@id\":\"https:\/\/vagasrj.org\/br\/#\/schema\/logo\/image\/\",\"url\":\"https:\/\/vagasrj.org\/br\/wp-content\/uploads\/2024\/09\/a.png\",\"contentUrl\":\"https:\/\/vagasrj.org\/br\/wp-content\/uploads\/2024\/09\/a.png\",\"width\":184,\"height\":184,\"caption\":\"Vagas Rj\"},\"image\":{\"@id\":\"https:\/\/vagasrj.org\/br\/#\/schema\/logo\/image\/\"},\"sameAs\":[\"https:\/\/www.facebook.com\/vagasdoriodejaneiro\"]}]}<\/script>\n<!-- \/ Yoast SEO plugin. -->","yoast_head_json":{"title":"Quem somos | Vagas Rj","description":"Somos uma plataforma intuitiva para encontrar e publicar vagas de trabalhoe manter todos informados com as \u00faltimas not\u00edcias e tend\u00eancias do mercado de trabalho","robots":{"index":"index","follow":"follow","max-snippet":"max-snippet:-1","max-image-preview":"max-image-preview:large","max-video-preview":"max-video-preview:-1"},"canonical":"https:\/\/vagasrj.org\/br\/quem-somos\/","og_locale":"pt_BR","og_type":"article","og_title":"Quem somos | Vagas Rj","og_description":"Somos uma plataforma intuitiva para encontrar e publicar vagas de trabalhoe manter todos informados com as \u00faltimas not\u00edcias e tend\u00eancias do mercado de trabalho","og_url":"https:\/\/vagasrj.org\/br\/quem-somos\/","og_site_name":"Vagas Rj","article_publisher":"https:\/\/www.facebook.com\/vagasdoriodejaneiro","article_modified_time":"2024-09-16T15:01:44+00:00","twitter_card":"summary_large_image","twitter_misc":{"Est. tempo de leitura":"1 minuto"},"schema":{"@context":"https:\/\/schema.org","@graph":[{"@type":"WebPage","@id":"https:\/\/vagasrj.org\/br\/quem-somos\/","url":"https:\/\/vagasrj.org\/br\/quem-somos\/","name":"Quem somos | Vagas Rj","isPartOf":{"@id":"https:\/\/vagasrj.org\/br\/#website"},"datePublished":"2024-09-16T14:15:23+00:00","dateModified":"2024-09-16T15:01:44+00:00","description":"Somos uma plataforma intuitiva para encontrar e publicar vagas de trabalhoe manter todos informados com as \u00faltimas not\u00edcias e tend\u00eancias do mercado de trabalho","breadcrumb":{"@id":"https:\/\/vagasrj.org\/br\/quem-somos\/#breadcrumb"},"inLanguage":"pt-BR","potentialAction":[{"@type":"ReadAction","target":["https:\/\/vagasrj.org\/br\/quem-somos\/"]}]},{"@type":"BreadcrumbList","@id":"https:\/\/vagasrj.org\/br\/quem-somos\/#breadcrumb","itemListElement":[{"@type":"ListItem","position":1,"name":"In\u00edcio","item":"https:\/\/vagasrj.org\/br\/"},{"@type":"ListItem","position":2,"name":"Quem somos"}]},{"@type":"WebSite","@id":"https:\/\/vagasrj.org\/br\/#website","url":"https:\/\/vagasrj.org\/br\/","name":"Vagas Rj","description":"","publisher":{"@id":"https:\/\/vagasrj.org\/br\/#organization"},"potentialAction":[{"@type":"SearchAction","target":{"@type":"EntryPoint","urlTemplate":"https:\/\/vagasrj.org\/br\/?s={search_term_string}"},"query-input":{"@type":"PropertyValueSpecification","valueRequired":true,"valueName":"search_term_string"}}],"inLanguage":"pt-BR"},{"@type":"Organization","@id":"https:\/\/vagasrj.org\/br\/#organization","name":"Vagas Rj","url":"https:\/\/vagasrj.org\/br\/","logo":{"@type":"ImageObject","inLanguage":"pt-BR","@id":"https:\/\/vagasrj.org\/br\/#\/schema\/logo\/image\/","url":"https:\/\/vagasrj.org\/br\/wp-content\/uploads\/2024\/09\/a.png","contentUrl":"https:\/\/vagasrj.org\/br\/wp-content\/uploads\/2024\/09\/a.png","width":184,"height":184,"caption":"Vagas Rj"},"image":{"@id":"https:\/\/vagasrj.org\/br\/#\/schema\/logo\/image\/"},"sameAs":["https:\/\/www.facebook.com\/vagasdoriodejaneiro"]}]}},"_links":{"self":[{"href":"https:\/\/vagasrj.org\/br\/wp-json\/wp\/v2\/pages\/2","targetHints":{"allow":["GET"]}}],"collection":[{"href":"https:\/\/vagasrj.org\/br\/wp-json\/wp\/v2\/pages"}],"about":[{"href":"https:\/\/vagasrj.org\/br\/wp-json\/wp\/v2\/types\/page"}],"author":[{"embeddable":true,"href":"https:\/\/vagasrj.org\/br\/wp-json\/wp\/v2\/users\/1"}],"replies":[{"embeddable":true,"href":"https:\/\/vagasrj.org\/br\/wp-json\/wp\/v2\/comments?post=2"}],"version-history":[{"count":1,"href":"https:\/\/vagasrj.org\/br\/wp-json\/wp\/v2\/pages\/2\/revisions"}],"predecessor-version":[{"id":19,"href":"https:\/\/vagasrj.org\/br\/wp-json\/wp\/v2\/pages\/2\/revisions\/19"}],"wp:attachment":[{"href":"https:\/\/vagasrj.org\/br\/wp-json\/wp\/v2\/media?parent=2"}],"curies":[{"name":"wp","href":"https:\/\/api.w.org\/{rel}","templated":true}]}}

<p><strong>Sobre VagasRJ.org</strong></p>



<p>Bem-vindo ao VagasRJ.org, sua principal fonte de oportunidades de emprego no Rio de Janeiro! Nosso site foi criado com o objetivo de conectar profissionais e empresas, oferecendo uma plataforma intuitiva para encontrar e publicar vagas de trabalho. Além disso, mantemos nossos visitantes informados com as últimas notícias e tendências do mercado de trabalho, assim como artigos especializados que ajudam na sua jornada profissional.</p>



<p>No VagasRJ.org, acreditamos que a informação e a conexão são essenciais para o sucesso. Nossa missão é facilitar o acesso a oportunidades e fornecer recursos valiosos para ajudar você a alcançar seus objetivos de carreira. Explore nosso site para descobrir as vagas mais recentes, ficar atualizado com as novidades do setor e ler conteúdos relevantes que podem fazer a diferença na sua trajetória profissional.</p>



<p>Seja você um candidato em busca de novos desafios ou uma empresa à procura de talentos, estamos aqui para ajudar a conectar as melhores oportunidades às pessoas certas. Junte-se a nós e dê o próximo passo na sua carreira com VagasRJ.org!</p>

<p>Sobre VagasRJ.org Bem-vindo ao VagasRJ.org, sua principal fonte de oportunidades de emprego no Rio de Janeiro! Nosso site foi criado com o objetivo de conectar profissionais e empresas, oferecendo uma plataforma intuitiva para encontrar e publicar vagas de trabalho. Além disso, mantemos nossos visitantes informados com as últimas notícias e tendências do mercado de trabalho, &#8230; <a title="Quem somos" class="read-more" href="https://vagasrj.org/br/quem-somos/" aria-label="Read more about Quem somos">Ler mais</a></p>

<!-- This site is optimized with the Yoast SEO plugin v26.7 - https://yoast.com/wordpress/plugins/seo/ -->
<title>Quem somos | Vagas Rj</title>
<meta name="description" content="Somos uma plataforma intuitiva para encontrar e publicar vagas de trabalhoe manter todos informados com as últimas notícias e tendências do mercado de trabalho" />
<meta name="robots" content="index, follow, max-snippet:-1, max-image-preview:large, max-video-preview:-1" />
<link rel="canonical" href="https://vagasrj.org/br/quem-somos/" />
<meta property="og:locale" content="pt_BR" />
<meta property="og:type" content="article" />
<meta property="og:title" content="Quem somos | Vagas Rj" />
<meta property="og:description" content="Somos uma plataforma intuitiva para encontrar e publicar vagas de trabalhoe manter todos informados com as últimas notícias e tendências do mercado de trabalho" />
<meta property="og:url" content="https://vagasrj.org/br/quem-somos/" />
<meta property="og:site_name" content="Vagas Rj" />
<meta property="article:publisher" content="https://www.facebook.com/vagasdoriodejaneiro" />
<meta property="article:modified_time" content="2024-09-16T15:01:44+00:00" />
<meta name="twitter:card" content="summary_large_image" />
<meta name="twitter:label1" content="Est. tempo de leitura" />
	<meta name="twitter:data1" content="1 minuto" />
<script type="application/ld+json" class="yoast-schema-graph">{"@context":"https://schema.org","@graph":[{"@type":"WebPage","@id":"https://vagasrj.org/br/quem-somos/","url":"https://vagasrj.org/br/quem-somos/","name":"Quem somos | Vagas Rj","isPartOf":{"@id":"https://vagasrj.org/br/#website"},"datePublished":"2024-09-16T14:15:23+00:00","dateModified":"2024-09-16T15:01:44+00:00","description":"Somos uma plataforma intuitiva para encontrar e publicar vagas de trabalhoe manter todos informados com as últimas notícias e tendências do mercado de trabalho","breadcrumb":{"@id":"https://vagasrj.org/br/quem-somos/#breadcrumb"},"inLanguage":"pt-BR","potentialAction":[{"@type":"ReadAction","target":["https://vagasrj.org/br/quem-somos/"]}]},{"@type":"BreadcrumbList","@id":"https://vagasrj.org/br/quem-somos/#breadcrumb","itemListElement":[{"@type":"ListItem","position":1,"name":"Início","item":"https://vagasrj.org/br/"},{"@type":"ListItem","position":2,"name":"Quem somos"}]},{"@type":"WebSite","@id":"https://vagasrj.org/br/#website","url":"https://vagasrj.org/br/","name":"Vagas Rj","description":"","publisher":{"@id":"https://vagasrj.org/br/#organization"},"potentialAction":[{"@type":"SearchAction","target":{"@type":"EntryPoint","urlTemplate":"https://vagasrj.org/br/?s={search_term_string}"},"query-input":{"@type":"PropertyValueSpecification","valueRequired":true,"valueName":"search_term_string"}}],"inLanguage":"pt-BR"},{"@type":"Organization","@id":"https://vagasrj.org/br/#organization","name":"Vagas Rj","url":"https://vagasrj.org/br/","logo":{"@type":"ImageObject","inLanguage":"pt-BR","@id":"https://vagasrj.org/br/#/schema/logo/image/","url":"https://vagasrj.org/br/wp-content/uploads/2024/09/a.png","contentUrl":"https://vagasrj.org/br/wp-content/uploads/2024/09/a.png","width":184,"height":184,"caption":"Vagas Rj"},"image":{"@id":"https://vagasrj.org/br/#/schema/logo/image/"},"sameAs":["https://www.facebook.com/vagasdoriodejaneiro"]}]}</script>
<!-- / Yoast SEO plugin. -->

Somos uma plataforma intuitiva para encontrar e publicar vagas de trabalhoe manter todos informados com as últimas notícias e tendências do mercado de trabalho

Início
